**2 - k. Let w be x(2). Suppose -5*f + w*u + 20 = 0, f - u = 4*u + 4. Suppose -7*c = -f*c - 273. List the prime factors of c.
7, 13
Let s(q) = -69*q**3 - 4*q**2 - q - 3. Let h be s(-2). Suppose -5*n + 1350 = -u + 6*u, 0 = -2*n + 3*u + h. Let o = 498 - n. What are the prime factors of o?
229
Suppose 2*r = 48*r + 184. Let l(f) = -13*f**3 + 4*f**2 + 12*f - 8. List the prime factors of l(r).
2, 3, 5, 7
Let a(g) = -56*g**3 - 5*g**2 - 9*g + 181. List the prime factors of a(-9).
17, 2393
Let q(u) = -16*u**3 + 3*u**2 - u + 4. Let x be q(-3). Let b be 2/(-9 - -11)*-2*146. Let m = b + x. List the prime factors of m.
2, 3, 29
Let f = -11861 - -21338. List the prime factors of f.
3, 13
Let f = 263 + -237. Suppose -m = -2*x - 537 + f, 0 = -4*x - 20. What are the prime factors of m?
3, 167
List the prime factors of 9/((-135)/(-12))*(-154680)/(-48).
2, 1289
List the prime factors of 146*((-44 - -38) + 114/4).
3, 5, 73
Suppose -3605 - 98 = -23*x. Suppose -6*r = -193 - x. What are the prime factors of r?
59
Suppose 2*h - 4*o - 1784 - 582 = 0, -2*o = -10. Suppose -3*b + 5*i - 97 + 983 = 0, -5*i + h = 4*b. List the prime factors of b.
3, 11
Let q = -18787 - -27807. List the prime factors of q.
2, 5, 11, 41
Let s = 42 - 59. Suppose 3*z = 3*u + 12, -u = 2*z - 11 + 9. List the prime factors of (-8556)/(-102) + u/s.
2, 3, 7
Let q be 4*((-21)/(-6))/7. Suppose 2*h - q = 66. Suppose h + 4 = 2*l. What are the prime factors of l?
19
Suppose 68*p = 118*p + 35*p - 2523565. What are the prime factors of p?
11, 2699
Let l(c) = c**3 + 5*c**2 - 6*c + 1. Let s be l(-6). What are the prime factors of 7/(-7) - (-1 - s - 837)?
2, 419
Suppose -2*u + 34 = -5*v - 24, 4*u = -2*v - 4. Let f be (-132)/v*(-180)/(-54). What are the prime factors of (-532)/(-22) - 8/f?
2, 3
Suppose 11*k - 195512 = -12*k - 29613. List the prime factors of k.
7213
Suppose 4*c + 2*k - 35564 = 0, 2*k + 19091 + 7568 = 3*c. List the prime factors of c.
3, 2963
Let x be 4 + 5 + -11 + 5792. Suppose -51*i + x = -45*i. List the prime factors of i.
5, 193
Let a(c) = -3*c**2 - 27*c - 3 + 2*c**2 - 2*c. List the prime factors of a(-16).
5, 41
Suppose -3*u = 3*p + 1020, 0*p = -u - 2*p - 344. Let j(a) = -2*a**2 - 13*a + 63. Let q be j(14). Let z = u - q. List the prime factors of z.
5, 7
Let i = 1052 + -606. Let g = i - 170. List the prime factors of g.
2, 3, 23
Let k(m) = -m**3 + 6*m**2 - 5*m + 21152. What are the prime factors of k(0)?
2, 661
Let m = 419 + -605. Let o = 301 + m. Let a = o - 78. What are the prime factors of a?
37
Let b = 79 + -73. Suppose -3*t + 2*f = -1348, -4*t - 3*f - 897 = -b*t. Let m = t + -268. List the prime factors of m.
2, 7, 13
Suppose -o = -4*u - 0*u - 313, -3*o - 2*u + 953 = 0. Suppose 5*b = 523 + o. Suppose b = 4*i + 2*k, 4*i - 48 - 116 = -k. List the prime factors of i.
2, 5
Let l(u) = 3*u + 48 + 4*u + 16. Suppose 0 = 5*s - 5*o - 145, -s + 22 - 23 = 5*o. List the prime factors of l(s).
2, 29
What are the prime factors of 6/34 + (-37892364)/(-4182)?
13, 17, 41
Suppose -2*y - 53 + 61 = 0. Suppose 10*q + 2172 = 14*q + y*p, -5*q - 4*p = -2713. List the prime factors of q.
541
Suppose 9 - 9 = -15*z. Suppose z*y + 202 = 2*y - 4*u, -4*y = 5*u - 339. List the prime factors of y.
7, 13
Let r(z) = 82*z**2 + 236*z - 154. List the prime factors of r(15).
2, 53, 103
Let z = -7243 + 10598. What are the prime factors of z?
5, 11, 61
List the prime factors of (45/9 + -2 + -4)/(10/(-433380)).
2, 3, 31, 233
Suppose 0 = k + 4*k + 2545. Let n = 1065 + -1411. Let a = n - k. List the prime factors of a.
163
Let y be (-5 - 2)*((-9)/21 - 1). Let m = 37 + -37. Suppose 4*v + y - 114 = m. List the prime factors of v.
2, 13
Let s(v) = 4*v**3 - 3*v**2 - 3*v + 5. Let b be (16/(-10) + 1)*-5. Let j be 70/21 + (-1)/b. What are the prime factors of s(j)?
7, 11
Let n(j) = 3*j - 45. Let a be n(21). Suppose -10 = -a*l + 16*l. What are the prime factors of 4 + (-25)/l + 75?
2, 37
Let o be (14/21)/((-8)/(-180)). Suppose -17*g = -o*g - 1630. List the prime factors of g.
5, 163
Suppose -18*b - 34 - 38 = 0. List the prime factors of (328/(-3))/b*(64 - 43).
2, 7, 41
Suppose 6*d - 8 = 4*d. Suppose 3*n - 5*s = -29, n - 19 = 2*n - d*s. What are the prime factors of (9/6)/n*-190?
5, 19
Suppose -16*j - 96 = -8*j. Let c be (1 - (-8)/j) + 3605/(-15). What are the prime factors of (-2124)/(-14) + (c/42 - -6)?
2, 19
Suppose -5*h = -3*n + 26, -4*n - n + 5*h + 50 = 0. Suppose n*r - 30 = 7*r. Suppose 0 = -r*d + 1423 - 187. What are the prime factors of d?
2, 103
Let g(d) = -d + 22. Let z be g(12). Let n be z - 11 - (-126 + 0). Let r = 221 - n. What are the prime factors of r?
2, 3
Let a be (8/10)/((-5)/((-50)/4)). Suppose -i + 102 = a*f, 0*i - 2*f = -4*i + 378. What are the prime factors of (1*i - 2) + -3?
7, 13
Let x(k) = 2*k**2 + 15*k + 22. Let h be x(-13). Suppose -6*d + 2247 = h. What are the prime factors of d?
347
Suppose y + 2*z = 0, -2*y + 4 = -2*z - 2. Suppose -4*t - 710 = -2*o, 0*t = y*o - t - 704. What are the prime factors of o?
3, 13
Let u(r) = 57*r + 5839. List the prime factors of u(0).
5839
Suppose 89 = k + 5*l, 5*k - 3*l + 0*l = 389. Suppose -w + k = 2*a, 0*w - 3*w + 4*a = -267. What are the prime factors of w?
5, 17
Suppose 0 = -2*q + t + 42, -q + 5*q + 4*t - 84 = 0. Let z be ((-112)/q)/(6/(-9)). Let x(a) = a**2 - 5*a. List the prime factors of x(z).
2, 3
List the prime factors of 612/(-408)*100622/(-3).
50311
Let c be (-1 - 2)/(10/((-600)/(-4))). List the prime factors of 2/9 - 0 - 8405/c.
11, 17
Let u = -16329 + 25942. List the prime factors of u.
9613
Let r be 635/15 - 6/(-9). What are the prime factors of r/1*7 - (-36 + 38)?
13, 23
Let v = 36727 + -18322. What are the prime factors of v?
3, 5, 409
Suppose 3*k = -5*g + 57885, 0 = -13*g + 14*g + 3. List the prime factors of k.
2, 5, 193
Let q = 3324 - 703. What are the prime factors of q?
2621
Let r = 101 + -82. Suppose -r*s + 1186 = -847. Suppose -4*j + 5*j - s = 0. List the prime factors of j.
107
Let g(k) = -3*k**2 - 177*k + 97. Let n be g(-58). Let d = n - -1515. What are the prime factors of d?
2, 19, 47
Let z(i) = -139*i**3 + 9*i**2 - 16*i - 153. What are the prime factors of z(-7)?
131, 367
Let z(v) = -56*v**3 + 7*v**2 + 83*v + 55*v**3 - 18 - 75*v. What are the prime factors of z(-9)?
2, 3, 67
Suppose z - r = 3, -4*z + 20*r = 23*r - 12. Let j(b) = b + 6. Let o be j(0). Suppose 0 = o*f - z*f - 267. What are the prime factors of f?
89
Let q be 8 + (6 - (-28)/2). List the prime factors of (34 - q)*14*(-4)/(-6).
2, 7
Let f be (-4 - (-4 + 0))/2. Suppose -3*n + 7*n - 4 = f, n - 2941 = -4*g. List the prime factors of g.
3, 5, 7
Suppose 2*g + 5*w = 5*g - 21, g - 3*w = 11. Suppose g*a + 0*a + 112 = 0. List the prime factors of -2 - (6536/a + 4/(-14)).
5, 23
Let h(y) = 303*y**2 + 126*y + 15. List the prime factors of h(5).
2, 3, 5, 137
Suppose -5*l - 47 + 12 = 0. Let j(w) = 9*w**2 + 5*w + 3. List the prime factors of j(l).
409
Suppose -12*g - 536 = -20*g. Let b = -42 + g. Suppose b = 2*d + 3*v, 5*v + 23 = 2*d - 26. What are the prime factors of d?
17
Suppose 0 = -716*n + 728*n - 42050 - 68626. What are the prime factors of n?
23, 401
Suppose 2*r + 19112 = 2*b, -5*b + 2*r = -37271 - 10494. What are the prime factors of b?
9551
Let b(o) = 42*o**3 - 14*o**2 + 53*o - 98. What are the prime factors of b(6)?
2, 13
Suppose 1047 = 2*i + 1037. Suppose i*y - 4860 = -0*u + 5*u, 0 = 2*u + 4. List the prime factors of y.
2, 5, 97
Let p be (-5)/(-175)*5 - (-189)/49. Suppose t - 1224 = 3*y, t + p*y + 669 = 1914. What are the prime factors of t?
3, 137
Let u = -1985 + 8202. What are the prime factors of u?
6217
Suppose 3*g = -h - 10, -g + 6*g = -4*h - 12. Let f = g + -5. List the prime factors of (7/3)/(f/(-27)).
7
Suppose 16 = -3*w - 4*k, -10*w - 4 = -5*w + k. Suppose w = t + t - 1234. What are the prime factors of t?
617
Suppose 2*b - 4668 = -2*y, -2*y - 2340 = -4*b + 3*b. Suppose 110*r = 114*r - b. Let f = r + -288. What are the prime factors of f?
2, 37
Suppose 9*b - b - 143852 = -41884. What are the prime factors of b?
2, 6373
Let i(n) = -34*n + 36. Let k be i(-9). Suppose -206 = -m + k. What are the prime factors of m?
2, 137
Suppose 5*h = -5*y + 113015, 31915 + 13251 = 2*y - 3*h. List the prime factors of y.
5, 4519
Let d(i) = i**3 - 1. Let k(s) = s**3 - 9*s**2 + 30*s + 13. Let l(